oes 42 divide 81251142?
True
Does 2066 divide 381977960?
False
Is 127 a factor of 2612270165?
False
Does 68 divide 6021248?
False
Is 726 a factor of 657188943?
False
Does 542 divide 153558692?
False
Does 19 divide 1616545383?
False
Is 246283896 a multiple of 204?
True
Is 1885595043 a multiple of 3?
True
Does 16 divide 93577130?
False
Does 18 divide 27067122?
True
Is 135 a factor of 1237790160?
True
Is 255 a factor of 403069856?
False
Does 24 divide 214064136?
True
Is 2858 a factor of 121302261?
False
Is 983 a factor of 8917487?
False
Is 221 a factor of 117772866?
False
Is 342 a factor of 19998622?
False
Is 43780680 a multiple of 12?
True
Is 26 a factor of 28275806?
True
Does 52 divide 273106288?
True
Does 22 divide 149397644?
True
Does 1185 divide 314665128?
False
Is 611846676 a multiple of 42?
True
Does 68 divide 84348713?
False
Is 509988338 a multiple of 782?
True
Is 1392 a factor of 672012392?
False
Is 447 a factor of 141747566?
False
Is 99794032 a multiple of 8?
True
Is 118266587 a multiple of 92?
False
Does 3000 divide 509235040?
False
Does 274 divide 88772108?
False
Does 743 divide 39041192?
False
Does 42 divide 1573482832?
False
Does 77 divide 509363085?
True
Does 72 divide 26372088?
True
Does 96 divide 408435523?
False
Is 1535802256 a multiple of 11?
False
Does 4 divide 1155840740?
True
Does 1522 divide 877642781?
False
Is 78 a factor of 5331670344?
True
Is 23 a factor of 59278475?
True
Does 113 divide 36354812?
True
Is 961081683 a multiple of 309?
False
Does 2688 divide 121790577?
False
Does 85 divide 300561135?
False
Is 21 a factor of 3724453?
False
Is 215 a factor of 23030409?
False
Is 655 a factor of 208217295?
True
Is 11 a factor of 12857603?
True
Is 9 a factor of 247132380?
False
Does 498 divide 447823014?
True
Is 37101125 a multiple of 12?
False
Does 18 divide 50229126?
True
Does 1502 divide 79597397?
False
Does 15 divide 157142028?
False
Is 1625152425 a multiple of 5?
True
Is 193541080 a multiple of 9287?
True
Does 2730 divide 25640160?
True
Does 20 divide 4275360?
True
Is 51349179 a multiple of 34?
False
Does 6911 divide 186306738?
True
Does 906 divide 27319524?
True
Is 7623072 a multiple of 6?
True
Does 7 divide 2038978886?
True
Is 5753902126 a multiple of 14470?
False
Is 45730104 a multiple of 14?
True
Does 101 divide 26005209?
False
Does 25 divide 16214200?
True
Is 152963148 a multiple of 12?
True
Does 4 divide 283626592?
True
Does 9 divide 59960511?
True
Is 230 a factor of 669283670?
True
Is 240151714 a multiple of 6380?
False
Is 12287493 a multiple of 1077?
True
Does 349 divide 88721733?
True
Does 1168 divide 15145979?
False
Is 2740 a factor of 1115749920?
True
Is 83010330 a multiple of 12?
False
Is 176 a factor of 9882040?
False
Does 19 divide 219879153?
True
Does 4313 divide 478932139?
False
Is 8 a factor of 26823592?
True
Is 26218896 a multiple of 11?
True
Is 116 a factor of 28387420?
False
Does 7 divide 6337540?
False
Is 388822390 a multiple of 1991?
True
Does 7 divide 44745883?
True
Is 34 a factor of 1204629740?
False
Does 148 divide 200241040?
True
Does 485 divide 59026340?
False
Is 32 a factor of 703966752?
True
Does 831 divide 111275019?
False
Is 36009940 a multiple of 38?
True
Is 155 a factor of 70151450?
True
Is 8 a factor of 59941800?
True
Does 1316 divide 35152992?
True
Is 93559385 a multiple of 2133?
False
Does 153 divide 29315106?
True
Is 118561435 a multiple of 3643?
True
Is 1077 a factor of 445104714?
True
Is 19060019 a multiple of 11?
True
Is 15636242 a multiple of 259?
False
Is 1617 a factor of 82279428?
True
Is 5 a factor of 636313895?
True
Does 63 divide 43459542?
True
Does 1071 divide 17940684?
False
Is 2109826818 a multiple of 179?
True
Does 21 divide 595943082?
True
Does 4748 divide 46027202?
False
Is 882409815 a multiple of 1385?
True
Is 17 a factor of 74005471?
True
Is 15 a factor of 20506875?
True
Is 3 a factor of 217939?
False
Does 2033 divide 296947702?
False
Is 147872915 a multiple of 1946?
False
Is 6 a factor of 337159908?
True
Is 495345576 a multiple of 666?
False
Does 350 divide 6513610?
False
Does 561 divide 29601726?
True
Is 5832837 a multiple of 49?
False
Is 281451690 a multiple of 10?
True
Is 15594703 a multiple of 164?
False
Is 3923640 a multiple of 21?
True
Does 7 divide 3634406?
False
Does 513 divide 19796670?
True
Does 287 divide 53200329?
True
Does 126 divide 17845884?
True
Does 2838 divide 938160498?
True
Is 6938765 a multiple of 565?
True
Is 347861283 a multiple of 11?
True
Is 5710776 a multiple of 4?
True
Is 714 a factor of 539565618?
False
Is 16 a factor of 1237419671?
False
Is 60773093 a multiple of 15?
False
Is 47147257 a multiple of 387?
False
Is 58 a factor of 1191510008?
True
Is 5610 a factor of 125899620?
True
Is 1044260976 a multiple of 33?
True
Is 18 a factor of 15390630?
True
Does 35 divide 18632250?
True
Does 22 divide 4903346186?
False
Is 5 a factor of 1355779?
False
Is 2175 a factor of 2222342?
False
Is 4233510 a multiple of 15?
True
Is 139 a factor of 269151677?
True
Does 14 divide 7662928?
True
Does 9 divide 364395546?
True
Is 315701158 a multiple of 2192?
False
Is 254946902 a multiple of 668?
False
Is 147992195 a multiple of 373?
False
Is 937044500 a multiple of 140?
True
Is 35 a factor of 117964043?
False
Is 77724903 a multiple of 2029?
True
Is 6 a factor of 24709860?
True
Does 135 divide 1158705?
True
Does 62 divide 36212278?
True
Does 52 divide 6471381?
False
Is 1125191624 a multiple of 226?
True
Is 69 a factor of 18787182?
True
Is 268572047 a multiple of 66?
False
Does 7 divide 1443598308?
False
Is 16 a factor of 6160688?
True
Does 1967 divide 119214854?
False
Is 8647090 a multiple of 22?
False
Is 395657295 a multiple of 5?
True
Is 40820 a multiple of 628?
True
Is 4986 a factor of 2028854832?
False
Is 82 a factor of 28249305?
False
Does 4371 divide 1944303559?
False
Is 530 a factor of 32216050?
True
Is 5379109 a multiple of 1660?
False
Is 1179 a factor of 149545816?
False
Is 2936073 a multiple of 10?
False
Is 567 a factor of 1372069125?
True
Does 7 divide 11447537?
False
Is 24227913 a multiple of 16?
False
Is 16944904 a multiple of 25?
False
Is 74949723 a multiple of 279?
True
Does 4 divide 1016114?
False
Is 131171838 a multiple of 2562?
True
Is 25 a factor of 4643592?
False
Does 13820 divide 2940439940?
True
Is 752 a factor of 792150784?
True
Is 10180897 a multiple of 52?
False
Does 9 divide 16287048?
True
Is 2 a factor of 9530623?
False
Does 144 divide 239179450?
False
Is 2082 a factor of 219548982?
True
Is 4013 a factor of 10040526?
True
Is 48459102 a multiple of 12?
False
Is 1024686630 a multiple of 3127?
True
Is 14250670 a multiple of 70?
True
Does 14 divide 10704400?
True
Does 9 divide 1595674?
False
Is 925004517 a multiple of 1171?
True
Is 213775660 a multiple of 20?
True
Does 54 divide 44541414?
True
Is 15947340 a multiple of 12?
True
Does 21 divide 2577963269?
False
Is 848984860 a multiple of 116?
True
Is 195 a factor of 114002265?
True
Is 22 a factor of 53116403?
False
Does 42 divide 391769910?
True
Is 4926854 a multiple of 5?
False
Is 22 a factor of 243770905?
False
Is 29 a factor of 2487059489?
False
Is 1537358940 a multiple of 15?
True
Is 16 a factor of 4819513166?
False
Is 419567138 a multiple of 34?
False
Does 3 divide 112230951?
True
Is 3 a factor of 41382385?
False
Does 4460 divide 3107192800?
True
Is 347 a factor of 7353624?
True
Does 3 divide 221697837?
True
Does 112 divide 1231644678?
False
Is 596378 a multiple of 62?
True
Is 233 a factor of 38640953?
True
Is 56560359 a multiple of 19?
True
Is 4 a factor of 38311764?
True
Does 11 divide 190174087?
False
Does 3 divide 17301522?
True
Is 19424072 a multiple of 12?
False
Is 181194981 a multiple of 11?
True
Does 3407 divide 57108134?
True
Does 21 divide 91708962?
False
Is 95386113 a multiple of 723?
True
Is 49506770 a multiple of 145?
True
Is 26910057 a multiple of 573?
False
Is 8704607 a multiple of 1286?
False
Does 208 divide 165854416?
True
Is 28385715 a multiple of 64?
False
Is 16 a factor of 279313152?
True
Is 25 a factor of 55887626?
False
Is 55 a factor of 29010213?
False
Is 5745201 a multiple of 539?
True
Is 111 a factor of 83655333?
False
Is 2395243 a multiple of 144?
False
Is 72938775 a multiple of 325?
True
Does 2 divide 49013724?
True
Does 90 divide 861216324?
False
Is 23875582